-12). Suppose -5*p + 0*p + 3150 = 0. Suppose t*y - 386 = p. Is y composite?
True
Suppose 2*z - 69 = -5*m, 4*z + 11 + 1 = 0. Let j(t) be the third derivative of -t**5/60 + 4*t**4/3 - 11*t**3/3 + 11*t**2. Is j(m) a composite number?
False
Let u(h) = 24*h - 100. Let r be u(8). Let v = -33 + r. Is v a prime number?
True
Let l(x) = x + 169. Suppose -6 = 2*c + 2*z - 2, 5*z = -3*c - 16. Suppose 0 = 2*h - c*g + 9, 2*h - 2*g = -3*g + 3. Is l(h) prime?
False
Let n(j) = -4*j**2 + 18*j. Let f(m) = -7*m**2 + 35*m. Let o(x) = -3*f(x) + 5*n(x). Let p be o(15). Suppose -b + 0*b + 491 = p. Is b prime?
True
Let k(z) = -253*z - 26. Let g be k(-14). Suppose -8*t - 196 = g. Let y = t + 1095. Is y composite?
False
Is -3 + 3 + (-402899)/(-7) a composite number?
False
Let j = 82 - 87. Is j/4 - (-198870)/(-24)*-1 a composite number?
True
Suppose 0 = -4*q + 4*l + 235008, 4*q + 123*l - 125*l - 235022 = 0. Is q prime?
False
Let j be 3/(-5 - 11708/(-2341)). Is (8 + j/(-1))*2/(-2) prime?
True
Suppose -2*w - 21*w + 460 = 0. Suppose -34*o + 25858 = -w*o. Is o a composite number?
False
Let g = -111155 + 232018. Is g prime?
True
Suppose 64 = 10*s + 14. Suppose 5 = -s*m + 25. Let z(u) = u**3 - 2*u**2 - 4*u + 21. Is z(m) prime?
True
Let z be -1 + (-8 - -9) + (-5 - -1). Is 6 + 6226*(-2)/z a prime number?
True
Let s(z) = z - 7. Let k be s(21). Is (-2333)/(k/(-18) - 4/18) composite?
False
Suppose 4*q + 6 = g + 54, 0 = -2*q - g + 24. Let y(a) = 1284*a - 337. Is y(q) a prime number?
False
Let p be (200/(-4))/(1/10). Let d = 734 - p. Suppose -d = -5*q + 651. Is q a composite number?
True
Suppose 0 = -5*q - 2*j + 24, 2*q - 11 + 9 = 3*j. Suppose 95122 = q*n + 4886. Is n prime?
False
Suppose 4*w - 852829 - 1069840 - 349487 = 0. Is w a prime number?
False
Let u(s) = 3*s**2 + 6 + 14 - 33 - s. Let o be u(-6). Let k = 116 + o. Is k a prime number?
False
Let d = 70455 + 129542. Is d composite?
True
Let n(f) = -344*f**3 + 13*f**2 + 43*f + 175. Is n(-11) a composite number?
True
Suppose 2*f = -3*f + 5415. Suppose 0 = -4*d + f - 307. Let i = d - 61. Is i composite?
True
Is (-76341)/(-3) + (-192)/48 + -5 + 1 prime?
True
Suppose -a = 8*g - 2010611, -273065 = -g - a - 21743. Is g a composite number?
True
Let y(j) = 164554*j**2 + 142*j - 279. Is y(2) a composite number?
True
Suppose 0 = -28*g + 27*g + 3. Let i be g*1/(-3)*31. Let v(b) = 2*b**2 + 36*b - 19. Is v(i) a prime number?
True
Suppose z - 8*b = -15*b + 120576, -5*b + 25 = 0. Is z composite?
True
Suppose -227*s + 24*s = -899131 - 7489032. Is s a composite number?
True
Is (4707255/315)/(5/15) composite?
True
Let k(h) = h - 1. Let j be k(5). Let z be 3/(-18) + j/24. Suppose 2*d + 4*d - 3138 = z. Is d a composite number?
False
Let w(a) = -105*a + 97 + 982*a + 9 + 99 + 374*a. Is w(12) prime?
True
Let w(s) = -2*s**3 - 13*s**2 - s + 81. Let m be w(30). Let r = 92200 + m. Is r composite?
True
Let c(m) = -3*m**3 - 29*m**2 - 11*m - 588. Is c(-47) composite?
False
Suppose -a - 229111 = -12*a + 359158. Is a a composite number?
False
Let v(i) = -547*i**2 + 16*i - 23. Let d(n) = 1094*n**2 - 32*n + 45. Let s(m) = 6*d(m) + 11*v(m). Is s(6) prime?
False
Suppose 2*d = -y + 5 + 2, 0 = 4*d - 4. Let b = -780 + 755. Is 2/4*y*(-330)/b a composite number?
True
Suppose 5*c = -10, -5*c = -3*y - 58 - 25. Let g = y - -36. Suppose -3*z + 883 = 4*b, 297 = z - b + g*b. Is z prime?
True
Suppose 41488 + 71961 = 7*r. Suppose 19*g - 59736 = -r. Is g a prime number?
False
Is ((-96735)/(-20))/(3*(-8)/(-32)) composite?
False
Let b = 9954 + 7703. Is b composite?
False
Let z(d) be the first derivative of 32*d - 65/2*d**2 + 40. Is z(-7) a composite number?
False
Let l(r) = 258*r**2 + 64*r + 1935. Is l(-22) prime?
True
Let m be 4/1 + -3672 + -1. Let i(k) = 1834*k**2 - 1. Let t be i(-1). Is 1/(-2 - m/t) prime?
False
Let c(z) = z**2 + 13*z + 18. Let s be c(-16). Suppose 5*w + s = -2*v + 4*v, -80 = 5*w + 5*v. Is ((-13027)/w)/((-2)/(-4)) prime?
True
Suppose -3*q - 71890 = -y, 52*q + 359501 = 5*y + 54*q. Is y prime?
True
Let b = 53 - 56. Is (1 - b) + (4 - (-436 - 2)) a composite number?
True
Let r(g) = -2*g - 26. Let v be r(-17). Suppose 5 = v*z - 7*z. Suppose -z*j + 32 = 3*y, 4*j + 11 - 67 = -4*y. Is y a composite number?
False
Let j(m) = 321*m**2 - 5*m - 3. Let c(p) = 956*p**2 - 16*p - 9. Let x(b) = -2*c(b) + 7*j(b). Is x(4) a composite number?
True
Let b(n) = n**3 - 3*n**2 - 5*n - 3. Let p be b(5). Suppose -12693 = -p*y + 11881. Is y composite?
False
Let y(n) = n**2 + 5*n + 8. Let h be y(-4). Suppose 10 = 3*k + p, k - 2*k - 4*p = 15. Suppose d + w + 3*w - 167 = 0, -k*w = h*d - 701. Is d composite?
False
Let v(u) = 4*u**2 - 16*u**2 - 9*u**2 + u**2 - 2*u**3 - 15*u - 42. Is v(-17) composite?
False
Let k be (-2)/3 + ((-22156)/12 - -4). Let a = k - -3122. Is a a prime number?
True
Let r = 15676 + -6960. Let u = 18851 - r. Is u a prime number?
False
Suppose -4*r - 45 = 83. Let d be (-30)/75 + r/(-5). Is d/((-90)/(-385)) + (-4)/6 prime?
False
Let x = -91 - -118. Let o be (225/x)/(3/135). Suppose 4*i - o = -0*i + 5*v, -194 = -2*i - 4*v. Is i composite?
True
Let b(m) = 591*m + 340. Is b(87) a prime number?
False
Let t be -7 - (-5 - 2 - -2). Is t + (1 - -4) + 874 a prime number?
True
Let g(q) be the first derivative of q**4/2 + 4*q**3/3 - 7*q**2/2 - q - 7. Is g(10) prime?
False
Suppose -5*t + 440915 = y, -7*y - 810*t + 3086225 = -805*t. Is y composite?
True
Is (-18 - -19)*(7 + 241800) a composite number?
False
Let n(d) = -d**3 + 20*d**2 - 2*d - 61. Let f be n(9). Is (-24006)/(-4)*f/174 prime?
False
Suppose 12603*s - 12638*s = -358505. Is s a prime number?
True
Suppose -5432 = 3*u - 3*p - 32603, 4*p = 2*u - 18110. Is u prime?
True
Let m be 29 + -94 + -2 + 1 + 3. Suppose -2*z - 5*o - 15 = 24, -o = 2*z + 27. Let i = z - m. Is i prime?
False
Is (-1)/(-4)*(18 - -717696 - -2) composite?
False
Let f(a) = 4797*a + 818. Is f(13) prime?
True
Let j(o) = 6556*o**3 + 7*o**2 + 6*o - 21. Is j(2) composite?
True
Suppose -2*k + 5*i = 23, 2*k - 3*i = 7*k + 11. Let q be -64*(126/20 - k/20). Let m = q + 1337. Is m prime?
False
Suppose -22 = 5*r - 7. Let k be 1/(-4) - (26/(-8) - r). Suppose 3*s - 564 - 42 = k. Is s composite?
True
Let u(j) = -21030*j + 7763. Is u(-4) prime?
False
Let m(d) = -d**3 - 18*d**2 - 65*d - 7. Suppose 3*k = -j - 31, -3*k + 66 = -4*j - 13. Is m(j) a prime number?
True
Let t(c) = 45*c + 26 + 33*c**2 - 599*c**3 + 304*c**3 + 294*c**3. Is t(15) composite?
False
Let w(d) = 4*d - 10. Let s be w(4). Suppose -s*p + 12*p - 9042 = 0. Is p prime?
False
Suppose 4*i = 4 - 0. Let f be (-18)/63*(-762 - i). Suppose -f = l - 5*l + 2*k, l = 5*k + 68. Is l composite?
False
Let j(m) = 293*m + 3. Let d(y) = -878*y - 8. Let b(s) = -6*d(s) - 17*j(s). Suppose -3*h - z + 0 = -1, -2*h - 5*z - 21 = 0. Is b(h) a prime number?
True
Let s(w) = -18*w + 24*w**2 - 19 + 14*w**2 - 27*w**2. Is s(8) composite?
False
Let o be (80/(-25))/(1/(-5)*2). Suppose 16 = o*g - 0*g. Suppose 2*r + g*x + 2*x = 166, -3*r + 263 = -x. Is r a composite number?
True
Let k be ((-67)/(-3))/((-6)/3240*2). Let c = k + 8983. Is c prime?
True
Is -131 + 143 - -25*15815 composite?
True
Let l(z) = -7*z - 7. Let w(a) = 6*a + 7. Let o(y) = 5*l(y) + 6*w(y). Let d be o(-4). Suppose 3*m = -d*x + 7*x + 5139, -4*m + 6851 = -5*x. Is m a prime number?
True
Suppose 2*a + 12 = 3*t, 4*a - 16 = -2*t - 2*t. Suppose -18*y = -a*y - 19692. Is y prime?
False
Suppose -4*g = 4, 3*k - 161 + 50 = 3*g. Is 2233 + 20/(-6) + k/27 prime?
False
Let d(t) = 65*t - 179. Suppose -4*f + 4*z = -120, -5*f + 158 = -2*z + 20. Is d(f) a composite number?
False
Let n = 1123817 - 738214. Is n prime?
False
Suppose 482*j + 129*j - 564711251 = 0. Is j a composite number?
False
Suppose -2*l + 10 = 3*i, 5 = l + 5*i - 0*i. Suppose -l*x + 51 = 4*q, -q + x = 2*x - 13. Is ((-21)/q)/(2/(-116)) prime?
False
Let h = -239 - -254. Is h/20 + (-13350)/(-24) a composite number?
False
Let g(s) = 91*s**2 + 26*s + 71. Is g(-6) prime?
True
Suppose 0 = 117*g - 119*g + 8. Let s(y) be the second derivative of 3*y**5/20 + y**4/2 - y**3/6 + 9*y**2/2 + 3*y. Is s(g) composite?
False
Let s = -9 + 11. Let i(p) = -26*p**2 - p + 5. Let l be i(s). Let j = l - -175. Is j composite?
True
Let b(c) = c**3 - 29*c**2 - 63*c + 35. Let k be b(31). Suppose -128552 = -k*l - 4*p, 3*l - 96438 = 3*p + 2*p. Is l a composite number?
Fal